{"id":195,"date":"2021-01-10T11:49:59","date_gmt":"2021-01-10T10:49:59","guid":{"rendered":"https:\/\/www.romanolibri.com\/wwpp\/?page_id=195"},"modified":"2021-01-26T22:06:33","modified_gmt":"2021-01-26T21:06:33","slug":"programma-romano-cloud","status":"publish","type":"page","link":"https:\/\/www.romanolibri.com\/wwpp\/index.php\/programma-romano-cloud\/","title":{"rendered":"Programma Romano Cloud"},"content":{"rendered":"\t\t<div data-elementor-type=\"wp-page\" data-elementor-id=\"195\" class=\"elementor elementor-195\">\n\t\t\t\t\t\t<section class=\"elementor-section elementor-top-section elementor-element elementor-element-7e4020f elementor-section-boxed elementor-section-height-default elementor-section-height-default\" data-id=\"7e4020f\" data-element_type=\"section\" data-e-type=\"section\" data-settings=\"{&quot;background_background&quot;:&quot;classic&quot;}\">\n\t\t\t\t\t\t\t<div class=\"elementor-background-overlay\"><\/div>\n\t\t\t\t\t\t\t<div class=\"elementor-container elementor-column-gap-default\">\n\t\t\t\t\t<div class=\"elementor-column elementor-col-100 elementor-top-column elementor-element elementor-element-bded8bc\" data-id=\"bded8bc\" data-element_type=\"column\" data-e-type=\"column\">\n\t\t\t<div class=\"elementor-widget-wrap elementor-element-populated\">\n\t\t\t\t\t\t<div class=\"elementor-element elementor-element-bed66ec elementor-widget elementor-widget-heading\" data-id=\"bed66ec\" data-element_type=\"widget\" data-e-type=\"widget\" data-widget_type=\"heading.default\">\n\t\t\t\t<div class=\"elementor-widget-container\">\n\t\t\t\t\t<h1 class=\"elementor-heading-title elementor-size-default\">PROGRAMMA ROMANO CLOUD<\/h1>\t\t\t\t<\/div>\n\t\t\t\t<\/div>\n\t\t\t\t<div class=\"elementor-element elementor-element-747c09b elementor-widget elementor-widget-spacer\" data-id=\"747c09b\" data-element_type=\"widget\" data-e-type=\"widget\" data-widget_type=\"spacer.default\">\n\t\t\t\t<div class=\"elementor-widget-container\">\n\t\t\t\t\t\t\t<div class=\"elementor-spacer\">\n\t\t\t<div class=\"elementor-spacer-inner\"><\/div>\n\t\t<\/div>\n\t\t\t\t\t\t<\/div>\n\t\t\t\t<\/div>\n\t\t\t\t<div class=\"elementor-element elementor-element-af38961 elementor-widget elementor-widget-text-editor\" data-id=\"af38961\" data-element_type=\"widget\" data-e-type=\"widget\" data-widget_type=\"text-editor.default\">\n\t\t\t\t<div class=\"elementor-widget-container\">\n\t\t\t\t\t\t\t\t\t<p><b>Programma Romano Cloud<\/b> \u00e8 un software gestionale completo e utilizzabile dalle piccole cartolibrerie alle grandi librerie.<\/p><p>La prima versione commercializzata risale agli anni 1980, ed era sviluppata in ambiente MS-DOS. <br \/>Oggi \u00e8 un software in ambiente Windows, pertanto installabile in qualsiasi macchina che abbia la possibilit\u00e0 di utilizzare Windows. Quindi anche su Mac o Linux, purch\u00e9 questi abbiano un ambiente Windows.<\/p><p>Le risorse dedicate al Programma sono minime perch\u00e9 il database risiede sui server della Romano Libri. Pertanto \u00e8 sufficiente uno spazio minimo per l&#8217;installazione. Quello che conta \u00e8 il collegamento ad Internet, che deve essere stabile e auspicabilmente di buona velocit\u00e0.<\/p><p>Il fatto che il database risieda su un server esterno, condiviso con tutti gli utenti che usano il <strong>PROGRAMMA ROMANO CLOUD<\/strong>, porta notevoli vantaggi: ad iniziare dal fatto che tutti i dati sono costantemente salvati e aggiornati in tempo reale.<\/p>\t\t\t\t\t\t\t\t<\/div>\n\t\t\t\t<\/div>\n\t\t\t\t<div class=\"elementor-element elementor-element-d20f501 elementor-widget elementor-widget-spacer\" data-id=\"d20f501\" data-element_type=\"widget\" data-e-type=\"widget\" data-widget_type=\"spacer.default\">\n\t\t\t\t<div class=\"elementor-widget-container\">\n\t\t\t\t\t\t\t<div class=\"elementor-spacer\">\n\t\t\t<div class=\"elementor-spacer-inner\"><\/div>\n\t\t<\/div>\n\t\t\t\t\t\t<\/div>\n\t\t\t\t<\/div>\n\t\t\t\t\t<\/div>\n\t\t<\/div>\n\t\t\t\t\t<\/div>\n\t\t<\/section>\n\t\t\t\t<section class=\"elementor-section elementor-top-section elementor-element elementor-element-cb283e4 elementor-section-boxed elementor-section-height-default elementor-section-height-default\" data-id=\"cb283e4\" data-element_type=\"section\" data-e-type=\"section\">\n\t\t\t\t\t\t\t<div class=\"elementor-background-overlay\"><\/div>\n\t\t\t\t\t\t\t<div class=\"elementor-container elementor-column-gap-default\">\n\t\t\t\t\t<div class=\"elementor-column elementor-col-100 elementor-top-column elementor-element elementor-element-ad5ab8f\" data-id=\"ad5ab8f\" data-element_type=\"column\" data-e-type=\"column\">\n\t\t\t<div class=\"elementor-widget-wrap elementor-element-populated\">\n\t\t\t\t\t\t<div class=\"elementor-element elementor-element-6a28e21 elementor-widget elementor-widget-heading\" data-id=\"6a28e21\" data-element_type=\"widget\" data-e-type=\"widget\" data-widget_type=\"heading.default\">\n\t\t\t\t<div class=\"elementor-widget-container\">\n\t\t\t\t\t<h2 class=\"elementor-heading-title elementor-size-default\">CARATTERISTICHE<\/h2>\t\t\t\t<\/div>\n\t\t\t\t<\/div>\n\t\t\t\t<div class=\"elementor-element elementor-element-a6f7397 elementor-widget elementor-widget-text-editor\" data-id=\"a6f7397\" data-element_type=\"widget\" data-e-type=\"widget\" data-widget_type=\"text-editor.default\">\n\t\t\t\t<div class=\"elementor-widget-container\">\n\t\t\t\t\t\t\t\t\t<p>Il PROGRAMMA ROMANO CLOUD si articola su tre livelli:<\/p>\n<ul>\n<li><b>REGINA+<\/b> (per piccole e medie librerie)<\/li>\n<li><b>PEDONE<\/b> (per medie e grandi librerie)<\/li>\n<li><b>ALFIERE<\/b> (per grandi librerie e Ingrosso)<\/li>\n<\/ul>\n<p>E&#8217; possibile installare il Programma su tutte le macchine che si desidera, anche in configurazione mista.<br>Tuttavia il numero di Programmi che \u00e8 possibile eseguire contemporaneamente, dipende dal numero di licenze che sono state acquistate.<\/p>\n<p>Esistono due tipi di licenza, una valida per 365 giorni ed una valida per 90 gioni, a seconda delle necessit\u00e0 e del periodo di utilizzo che il libraio ritiene opportuno.<\/p>\t\t\t\t\t\t\t\t<\/div>\n\t\t\t\t<\/div>\n\t\t\t\t<div class=\"elementor-element elementor-element-ecba09c elementor-widget elementor-widget-eael-advanced-data-table\" data-id=\"ecba09c\" data-element_type=\"widget\" data-e-type=\"widget\" data-settings=\"{&quot;_animation&quot;:&quot;none&quot;}\" data-widget_type=\"eael-advanced-data-table.default\">\n\t\t\t\t<div class=\"elementor-widget-container\">\n\t\t\t\t\t<div class=\"ea-advanced-data-table-wrap\" data-id=\"ecba09c\"><div class=\"ea-advanced-data-table-wrap-inner\">\n                <table class=\"ea-advanced-data-table ea-advanced-data-table-static ea-advanced-data-table-ecba09c\" data-id=\"ecba09c\"><thead><tr><th><p>Caratteristiche<\/p><\/th><th><p>REGINA+<\/p><\/th><th><p>PEDONE<\/p><\/th><th><p>ALFIERE<\/p><\/th><\/tr><\/thead><tbody><tr><td><p><strong><em>INSTALLAZIONE<\/em><\/strong><\/p><\/td><td><\/td><td><\/td><td><\/td><\/tr><tr><td><p>Installazione consentita su tutte le macchine che si vuole<\/p><\/td><td><p><\/p><center>X<\/center><p><\/p><\/td><td><p><\/p><center>X<\/center><p><\/p><\/td><td><p><\/p><center>X<\/center><p><\/p><\/td><\/tr><tr><td><p>Utilizzo contemporaneo delle macchine su cui si \u00e8 installato il Programma (dipende dalle licenze acquistate)<\/p><\/td><td><p><\/p><center>X<\/center><p><\/p><\/td><td><p><\/p><center>X<\/center><p><\/p><\/td><td><p><\/p><center>X<\/center><p><\/p><\/td><\/tr><tr><td><p><strong><em>GENERALI<\/em><\/strong><\/p><\/td><td><\/td><td><\/td><td><\/td><\/tr><tr><td><p>Assistenza gratuita sulle funzioni del Programma<\/p><\/td><td><p><\/p><center>X<\/center><p><\/p><\/td><td><p><\/p><center>X<\/center><p><\/p><\/td><td><p><\/p><center>X<\/center><p><\/p><\/td><\/tr><tr><td><p>Compatibile con <strong>tutti i lettori barcode<\/strong> ad emulazione di tastiera<\/p><\/td><td><p><\/p><center>X<\/center><p><\/p><\/td><td><p><\/p><center>X<\/center><p><\/p><\/td><td><p><\/p><center>X<\/center><p><\/p><\/td><\/tr><tr><td><p>Stampa Etichette<\/p><\/td><td><p><\/p><center>X<\/center><p><\/p><\/td><td><p><\/p><center>X<\/center><p><\/p><\/td><td><p><\/p><center>X<\/center><p><\/p><\/td><\/tr><tr><td><p>Stampe su <b>stampante termica<\/b> (va richiesto un modulo aggiuntivo)<\/p><\/td><td><p><\/p><center>X<\/center><p><\/p><\/td><td><p><\/p><center>X<\/center><p><\/p><\/td><td><p><\/p><center>X<\/center><p><\/p><\/td><\/tr><tr><td><p>Vendita veloce al Banco e statistica sul venduto<\/p><\/td><td><p><\/p><center> <\/center><p><\/p><\/td><td><p><\/p><center>X<\/center><p><\/p><\/td><td><p><\/p><center>X<\/center><p><\/p><\/td><\/tr><tr><td><p>Gestione Giacenze di SCOLASTICA, VARIA, CANCELLERIA<\/p><\/td><td><p><\/p><center>X<\/center><p><\/p><\/td><td><p><\/p><center>X<\/center><p><\/p><\/td><td><p><\/p><center>X<\/center><p><\/p><\/td><\/tr><tr><td><p>Gestione USATO<\/p><\/td><td><p><\/p><center>X<\/center><p><\/p><\/td><td><p><\/p><center>X<\/center><p><\/p><\/td><td><p><\/p><center>X<\/center><p><\/p><\/td><\/tr><tr><td><p>Predisposizione per emissione scontrino fiscale (previo acquisto <b>una-tantum<\/b> del driver di collegamento)<\/p><\/td><td><p><\/p><center>X<\/center><p><\/p><\/td><td><p><\/p><center>X<\/center><p><\/p><\/td><td><p><\/p><center>X<\/center><p><\/p><\/td><\/tr><tr><td><p>Predisposizione dello scontrino per la <b>lotteria degli scontrini<\/b> (vedi sopra)<\/p><\/td><td><p><\/p><center>X<\/center><p><\/p><\/td><td><p><\/p><center>X<\/center><p><\/p><\/td><td><p><\/p><center>X<\/center><p><\/p><\/td><\/tr><tr><td><p>Servizio SIRIO www.libriordinati.it (consente ai propri clienti la consultazione dello stato di avanzamento dell'ordine e molto altro)<\/p><\/td><td><p><\/p><center>X<\/center><p><\/p><\/td><td><p><\/p><center>X<\/center><p><\/p><\/td><td><p><\/p><center>X<\/center><p><\/p><\/td><\/tr><tr><td><p><strong><em>ORDINI<\/em><\/strong><\/p><\/td><td><\/td><td><\/td><td><\/td><\/tr><tr><td><p>Invio Ordini al Distributore <strong>secondo il formato da lui richiesto<\/strong><\/p><\/td><td><p><\/p><center>X<\/center><p><\/p><\/td><td><p><\/p><center>X<\/center><p><\/p><\/td><td><p><\/p><center>X<\/center><p><\/p><\/td><\/tr><tr><td><p>Esportazione dell'Ordine nei formati XLS, CSV, PDF, ed altro...<\/p><\/td><td><p><\/p><center>X<\/center><p><\/p><\/td><td><p><\/p><center>X<\/center><p><\/p><\/td><td><p><\/p><center>X<\/center><p><\/p><\/td><\/tr><tr><td><p><b>Invio SMS<\/b> al Cliente per segnalare l'arrivo dell'Ordine<\/p><\/td><td><p><\/p><center>X<\/center><p><\/p><\/td><td><p><\/p><center>X<\/center><p><\/p><\/td><td><p><\/p><center>X<\/center><p><\/p><\/td><\/tr><tr><td><p>Gestione dell'Ordine Ingrosso e Prelievo\/Giro del Magazzino<\/p><\/td><td><p><\/p><center> <\/center><p><\/p><\/td><td><p><\/p><center> <\/center><p><\/p><\/td><td><p><\/p><center>X<\/center><p><\/p><\/td><\/tr><tr><td><p><strong><em>DDT<\/em><\/strong><\/p><\/td><td><\/td><td><\/td><td><\/td><\/tr><tr><td><p>Fattura Elettronica tra Privati (B2B, B2C) e Pubblica Amministrazione (PA)<\/p><\/td><td><p><\/p><center>X<\/center><p><\/p><\/td><td><p><\/p><center>X<\/center><p><\/p><\/td><td><p><\/p><center>X<\/center><p><\/p><\/td><\/tr><tr><td><p>Fatturazione 18App e Docenti<\/p><\/td><td><p><\/p><center>X<\/center><p><\/p><\/td><td><p><\/p><center>X<\/center><p><\/p><\/td><td><p><\/p><center>X<\/center><p><\/p><\/td><\/tr><tr><td><p>Tipo Documento: <b>Fattura<\/b>, <b>Nota di Credito<\/b><\/p><\/td><td><p><\/p><center>X<\/center><p><\/p><\/td><td><p><\/p><center>X<\/center><p><\/p><\/td><td><p><\/p><center>X<\/center><p><\/p><\/td><\/tr><tr><td><p>Tipo Documento: <b>Preventivo<\/b>, <b>Distinta<\/b>, <b>Sospeso<\/b>, <b>Documento d'Acquisto<\/b><\/p><\/td><td><p><\/p><center> <\/center><p><\/p><\/td><td><p><\/p><center>X<\/center><p><\/p><\/td><td><p><\/p><center>X<\/center><p><\/p><\/td><\/tr><tr><td><p>Tipo Documento: <b>Scarico Saggi<\/b><\/p><\/td><td><p><\/p><center> <\/center><p><\/p><\/td><td><p><\/p><center> <\/center><p><\/p><\/td><td><p><\/p><center>X<\/center><p><\/p><\/td><\/tr><tr><td><p><strong><em>ADOZIONI<\/em><\/strong><\/p><\/td><td><\/td><td><\/td><td><\/td><\/tr><tr><td><p>Consultazione Adozioni del MIUR<\/p><\/td><td><p><\/p><center>X<\/center><p><\/p><\/td><td><p><\/p><center>X<\/center><p><\/p><\/td><td><p><\/p><center>X<\/center><p><\/p><\/td><\/tr><tr><td><p>Inserimento in Ordini delle Adozioni del MIUR<\/p><\/td><td><p><\/p><center>X<\/center><p><\/p><\/td><td><p><\/p><center>X<\/center><p><\/p><\/td><td><p><\/p><center>X<\/center><p><\/p><\/td><\/tr><tr><td><p>Preordini in base alle Adozioni<\/p><\/td><td><p><\/p><center>X<\/center><p><\/p><\/td><td><p><\/p><center>X<\/center><p><\/p><\/td><td><p><\/p><center>X<\/center><p><\/p><\/td><\/tr><tr><td><p>Gestione Saggi Scuola<\/p><\/td><td><p><\/p><center> <\/center><p><\/p><\/td><td><p><\/p><center> <\/center><p><\/p><\/td><td><p><\/p><center>X<\/center><p><\/p><\/td><\/tr><\/tbody><\/table>\n            <\/div><\/div>\t\t\t\t<\/div>\n\t\t\t\t<\/div>\n\t\t\t\t\t<\/div>\n\t\t<\/div>\n\t\t\t\t\t<\/div>\n\t\t<\/section>\n\t\t\t\t<\/div>\n\t\t","protected":false},"excerpt":{"rendered":"<p>PROGRAMMA ROMANO CLOUD Programma Romano Cloud \u00e8 un software gestionale completo e utilizzabile dalle piccole cartolibrerie alle grandi librerie. La prima versione commercializzata risale agli anni 1980, ed era sviluppata in ambiente MS-DOS. Oggi \u00e8 un software in ambiente Windows, pertanto installabile in qualsiasi macchina che abbia la possibilit\u00e0 di utilizzare Windows. Quindi anche su [&hellip;]<\/p>\n","protected":false},"author":1,"featured_media":0,"parent":0,"menu_order":0,"comment_status":"closed","ping_status":"closed","template":"elementor_header_footer","meta":{"ocean_post_layout":"","ocean_both_sidebars_style":"","ocean_both_sidebars_content_width":0,"ocean_both_sidebars_sidebars_width":0,"ocean_sidebar":"0","ocean_second_sidebar":"0","ocean_disable_margins":"enable","ocean_add_body_class":"","ocean_shortcode_before_top_bar":"","ocean_shortcode_after_top_bar":"","ocean_shortcode_before_header":"","ocean_shortcode_after_header":"","ocean_has_shortcode":"","ocean_shortcode_after_title":"","ocean_shortcode_before_footer_widgets":"","ocean_shortcode_after_footer_widgets":"","ocean_shortcode_before_footer_bottom":"","ocean_shortcode_after_footer_bottom":"","ocean_display_top_bar":"default","ocean_display_header":"default","ocean_header_style":"","ocean_center_header_left_menu":"0","ocean_custom_header_template":"0","ocean_custom_logo":0,"ocean_custom_retina_logo":0,"ocean_custom_logo_max_width":0,"ocean_custom_logo_tablet_max_width":0,"ocean_custom_logo_mobile_max_width":0,"ocean_custom_logo_max_height":0,"ocean_custom_logo_tablet_max_height":0,"ocean_custom_logo_mobile_max_height":0,"ocean_header_custom_menu":"0","ocean_menu_typo_font_family":"0","ocean_menu_typo_font_subset":"","ocean_menu_typo_font_size":0,"ocean_menu_typo_font_size_tablet":0,"ocean_menu_typo_font_size_mobile":0,"ocean_menu_typo_font_size_unit":"px","ocean_menu_typo_font_weight":"","ocean_menu_typo_font_weight_tablet":"","ocean_menu_typo_font_weight_mobile":"","ocean_menu_typo_transform":"","ocean_menu_typo_transform_tablet":"","ocean_menu_typo_transform_mobile":"","ocean_menu_typo_line_height":0,"ocean_menu_typo_line_height_tablet":0,"ocean_menu_typo_line_height_mobile":0,"ocean_menu_typo_line_height_unit":"","ocean_menu_typo_spacing":0,"ocean_menu_typo_spacing_tablet":0,"ocean_menu_typo_spacing_mobile":0,"ocean_menu_typo_spacing_unit":"","ocean_menu_link_color":"","ocean_menu_link_color_hover":"","ocean_menu_link_color_active":"","ocean_menu_link_background":"","ocean_menu_link_hover_background":"","ocean_menu_link_active_background":"","ocean_menu_social_links_bg":"","ocean_menu_social_hover_links_bg":"","ocean_menu_social_links_color":"","ocean_menu_social_hover_links_color":"","ocean_disable_title":"on","ocean_disable_heading":"default","ocean_post_title":"","ocean_post_subheading":"","ocean_post_title_style":"","ocean_post_title_background_color":"","ocean_post_title_background":0,"ocean_post_title_bg_image_position":"","ocean_post_title_bg_image_attachment":"","ocean_post_title_bg_image_repeat":"","ocean_post_title_bg_image_size":"","ocean_post_title_height":0,"ocean_post_title_bg_overlay":0.5,"ocean_post_title_bg_overlay_color":"","ocean_disable_breadcrumbs":"default","ocean_breadcrumbs_color":"","ocean_breadcrumbs_separator_color":"","ocean_breadcrumbs_links_color":"","ocean_breadcrumbs_links_hover_color":"","ocean_display_footer_widgets":"default","ocean_display_footer_bottom":"default","ocean_custom_footer_template":"0","footnotes":""},"class_list":["post-195","page","type-page","status-publish","hentry","entry"],"_links":{"self":[{"href":"https:\/\/www.romanolibri.com\/wwpp\/index.php\/wp-json\/wp\/v2\/pages\/195","targetHints":{"allow":["GET"]}}],"collection":[{"href":"https:\/\/www.romanolibri.com\/wwpp\/index.php\/wp-json\/wp\/v2\/pages"}],"about":[{"href":"https:\/\/www.romanolibri.com\/wwpp\/index.php\/wp-json\/wp\/v2\/types\/page"}],"author":[{"embeddable":true,"href":"https:\/\/www.romanolibri.com\/wwpp\/index.php\/wp-json\/wp\/v2\/users\/1"}],"replies":[{"embeddable":true,"href":"https:\/\/www.romanolibri.com\/wwpp\/index.php\/wp-json\/wp\/v2\/comments?post=195"}],"version-history":[{"count":231,"href":"https:\/\/www.romanolibri.com\/wwpp\/index.php\/wp-json\/wp\/v2\/pages\/195\/revisions"}],"predecessor-version":[{"id":666,"href":"https:\/\/www.romanolibri.com\/wwpp\/index.php\/wp-json\/wp\/v2\/pages\/195\/revisions\/666"}],"wp:attachment":[{"href":"https:\/\/www.romanolibri.com\/wwpp\/index.php\/wp-json\/wp\/v2\/media?parent=195"}],"curies":[{"name":"wp","href":"https:\/\/api.w.org\/{rel}","templated":true}]}}